 Calculate the highest common divisor of k and 13.
13
Suppose -5*s - 3 + 23 = 0. Suppose -5*h - s = -9*h. Suppose -20 = -4*w, q - 2*w = -w - h. What is the highest common divisor of q and 32?
4
Suppose -4*i + 386 = -34. What is the greatest common factor of i and 42?
21
Suppose 5*r = 3*q + 30, -4*q + 2 - 7 = 5*r. Suppose -25 = -r*m + 2. What is the highest common divisor of 63 and m?
9
Let t be (156/(-2))/((-42)/28). Let q(r) = r - 1. Let i be q(1). Let a be 1/(i - 2/(-26)). Calculate the greatest common factor of a and t.
13
Let j = 2 + 0. Let r = -15 + 17. Suppose 74 = 3*f - r*o, 3*f - 2*o - 96 = -f. What is the greatest common factor of j and f?
2
Let l = 589 + -283. What is the highest common factor of 34 and l?
34
Let a(q) = -q**3 - 2*q**2 - 2*q. Let y be a(-2). What is the highest common divisor of 4 and y?
4
Let p = 104 + -95. Calculate the greatest common factor of p and 36.
9
Let o = 5 + 7. Let p = 257 - 125. Calculate the greatest common divisor of p and o.
12
Suppose 0 = -3*i + 5*w + 29, 0*w = 3*i + 4*w - 47. Calculate the greatest common factor of i and 78.
13
Let v(i) = 3*i + 10. Let h be v(-9). Let c = -7 - h. Calculate the greatest common divisor of c and 110.
10
Let k be (-3 + 1 - -11)/((-1)/(-2)). Calculate the greatest common divisor of k and 126.
18
Let d = 1 + 2. Suppose -d*v = -4*j - 0 + 8, 3*j - 6 = -2*v. What is the highest common factor of 10 and j?
2
Let q = -23 - -176. Let y = -24 + 41. What is the greatest common divisor of q and y?
17
Suppose -z + 2*k + 88 = 0, -3*z - 3*k - 258 = -6*z. What is the highest common factor of 21 and z?
21
Let h = 7 - 4. Suppose o - 69 = -2*o. Suppose 3*q - 68 = -o. Calculate the highest common divisor of h and q.
3
Suppose -5*a = -11*a + 84. Calculate the greatest common factor of a and 35.
7
Suppose -1 + 31 = 2*r. Let f be -2 - (-8)/2 - -4. What is the greatest common divisor of r and f?
3
Let u(f) = -4*f - 3*f + 5 + 3*f + 3*f. Let r be u(-4). What is the greatest common factor of 18 and r?
9
Let m(w) = -w - 4. Let k be m(-11). Suppose 2*o + 3 - k = 0. Suppose -h = h - 8, 3*s + o*h - 47 = 0. Calculate the greatest common divisor of 104 and s.
13
Let d = -1 + 9. Calculate the greatest common divisor of 2 and d.
2
Suppose -5*s + s = -16. Suppose c = -68 + 4. Let u = c - -92. What is the greatest common factor of u and s?
4
Suppose -2*p - p = -5*n - 23, 2*n + 22 = 2*p. Let a be 380/6 - (-8)/12. What is the highest common factor of a and p?
16
Suppose 5*m = 3*q + 13, -q - 2 = -1. Suppose -90 = -5*f + 4*i, m*f = -0*f - 2*i + 18. Suppose -5*y = -24 - 326. Calculate the greatest common factor of y and f.
14
Let y(z) = z**3 + 9*z**2 - 4*z + 4. Suppose -2*j = -6*j - 36. Let t be y(j). Calculate the highest common factor of t and 10.
10
Let x(v) = 4*v - 3. Let b be x(5). Suppose -2*y + 544 = 2*y. Calculate the highest common divisor of y and b.
17
Let o = 0 - -8. Suppose 4*l - 320 = -l. Calculate the greatest common factor of o and l.
8
Let t(x) = 7*x + 2*x - 4 - 2 - x. Let o = -10 - -16. Let n be t(o). What is the highest common factor of n and 6?
6
Let q(s) = -s**2 + 4*s + 5. Let r be q(4). Suppose 0*f - 47 = -r*f - n, 0 = f + n - 11. Calculate the greatest common factor of 72 and f.
9
Let m(r) = -19*r - 6. Suppose 20 = -7*q + 2*q. Let u be m(q). Calculate the greatest common divisor of u and 14.
14
Let u be 1 + -1 + 23/1. What is the highest common factor of 69 and u?
23
Let h be 10/(-25)*-10 + 12. Let d = 0 - 2. Let n be -2*d/(-1)*-2. What is the highest common divisor of n and h?
8
Suppose -11 = -2*d - a, 2*d - a - 13 = -0. Suppose t = d*t - 30. Suppose 4*s = t*s - 46. Calculate the greatest common factor of s and 92.
23
Suppose -5*q = -10, -2*k + 802 = 3*k - 4*q. Calculate the highest common factor of k and 18.
18
Suppose -2*y = 4*k - y - 194, 243 = 5*k + y. Let u = 97 + -90. Calculate the greatest common divisor of u and k.
7
Suppose h - 31 = 139. Suppose 0 = -z + 2, -170 - h = -5*g + 5*z. Let l be (10/25)/(2/g). Calculate the greatest common divisor of l and 56.
14
Suppose 2*j - 4*j + 6 = 0. Suppose -j*v - 2*v + 104 = 4*c, -28 = -v + c. Calculate the highest common divisor of 36 and v.
12
Let f = -21 - -21. Suppose 0 = 2*b + 3*p - 279, f = -2*b + 3*b - 5*p - 120. What is the highest common factor of 15 and b?
15
Let g(m) = -m + 19. Let v be g(5). What is the highest common divisor of v and 4?
2
Let s = 9 - -4. Let n = 36 + -23. What is the highest common divisor of s and n?
13
Let k be 5/((-15)/9) - -3. Suppose -5*u + 77 = -3*a, 5*u + k*a - 2*a - 73 = 0. What is the greatest common factor of 39 and u?
13
Let r be (0 + 3 + -6)*-39. Let u(f) = f - 3. Let o be u(6). Suppose o*x - 195 - r = 0. Calculate the greatest common divisor of 13 and x.
13
Let w = 33 - 21. Let a(q) = -w*q + 4 - 5 - 2*q. Let n be a(-4). Calculate the highest common divisor of 11 and n.
11
Let z = -62 - -188. Let r(s) = -13*s**3 - s. Let g be r(-1). Calculate the greatest common divisor of z and g.
14
Suppose -11 = -2*g + 2*a - 3*a, 3*g + a - 18 = 0. What is the greatest common factor of g and 63?
7
Suppose 3*x + 23 = 5. Let k be 15/x*72/(-30). What is the highest common divisor of k and 6?
6
Let w(r) = -r**2 - 10*r - 12. Suppose -4*q - 37 = -5. Let t be w(q). Let i be t - ((-6)/3 - -5). Calculate the highest common factor of 11 and i.
1
Let u = 83 - 120. Let a = 53 + u. Calculate the highest common divisor of 32 and a.
16
Suppose 0 = 14*a - 9*a - 15. Let m = 8 - 5. Suppose -2 = o + a*k, -m*o + 4*k + 32 = -1. Calculate the greatest common divisor of o and 7.
7
Let n be 4/22 - (-3416)/88. Let d(z) = z**3 + 6*z**2 + 3*z + 6. Let l be d(-4). Calculate the greatest common factor of n and l.
13
Suppose l + 10 = -22. Let a be l/(-3) + (-10)/(-30). Suppose -i = f - 44, 0 = -4*f + 3*i + 165 + 11. Calculate the greatest common divisor of f and a.
11
Suppose -3*w + 0 = -3. Let y be (w - 0) + 5 + 2. Let a be y/(-20)*(0 + -30). Calculate the highest common divisor of a and 84.
12
Let x = -16 - -9. Let t = x - -11. Calculate the highest common factor of t and 8.
4
Let i be 1/(-4) + 3/(-4). Let z be 2/4*(i + -17). Let w be 15/(-2)*6/z. What is the greatest common divisor of w and 1?
1
Suppose -3*z = 3*z - 630. Calculate the greatest common factor of 35 and z.
35
Let s be (16/12)/(4/6). Calculate the greatest common factor of s and 4.
2
Suppose 3*g = -5*s + 6 - 3, -s = g - 1. Let q be (-1)/g + (-52)/(-2). Let t(n) = 5*n. Let a be t(2). What is the greatest common factor of a and q?
5
Let c(b) = -2*b**3 - 3*b**2 - 3*b + 2. Let j be c(-2). Let g = 50 - -10. What is the highest common divisor of j and g?
12
Let o(x) = -x**2 - 14*x - 4. Let i be o(-12). Let u be (8/i)/((-1)/(-5)). What is the highest common divisor of u and 5?
1
Suppose 8 = 4*k - 12. Calculate the highest common divisor of 40 and k.
5
Suppose -2*m - 3*m + 180 = 0. What is the greatest common divisor of 9 and m?
9
Let d be -3 - (15/(-5) + -4). Let q(p) = -p + 12. Let u be q(0). What is the greatest common factor of d and u?
4
Let q = 199 - 107. Calculate the greatest common factor of q and 23.
23
Suppose 6*j - j - 655 = 0. Suppose -4*m = -j - 169. Suppose 4*x + 5*a = 80 + 60, 5*x - 154 = -a. What is the highest common divisor of m and x?
15
Let v(i) = 3*i + 7. Let m(f) = -7*f - 14. Let a(d) = 4*m(d) + 9*v(d). Let j be a(5). Calculate the highest common divisor of j and 10.
2
Let h(w) = 7 + 0*w + 0*w - w - 4. Let q be h(0). Suppose 4*r = q*r + 12. Calculate the highest common factor of 132 and r.
12
Let o = -16 - -76. Suppose -14 = -2*s - 4*p, 3*s + p - 17 = -6. Suppose -5*z - 28 = -4*x, -s = -x + 4*z - 7. Calculate the highest common divisor of x and o.
12
Let i be 8/12 + 7/3. Suppose 5 = i*s - 1. Suppose -3*x = -p - 32, s*x - 38 = -x + 4*p. Calculate the highest common factor of 90 and x.
10
Let z(a) = -16*a**2 + a + 2. Let h be z(3). Let v = -79 - h. Calculate the greatest common divisor of v and 24.
12
Suppose -3*n + 73 = 4*o, 2*n = 4*n + 5*o - 37. Suppose -3*x = -2*y - 14, -2*x - y = 2*y - n. Calculate the greatest common factor of 8 and x.
8
Suppose 4*a = 9 - 1. Suppose -i + 5*j + 33 = 0, a*i - 5*j = -i + 79. Calculate the highest common factor of 253 and i.
23
Let v(l) = l**2 + 2*l. Let u be v(-3). Calculate the highest common factor of 3 and u.
3
Let p be 8/(-2